tive of m**4/6 + m**3/3 - m**2. What is the remainder when y(n) is divided by 9?
8
Let c be 2 - ((-22)/2 - 0). Suppose 0 = -11*t + c*t - 48. Calculate the remainder when t is divided by -1 + 1 - (-26)/2.
11
Let t = -2 - -47. Calculate the remainder when t is divided by 23.
22
Suppose 0 = -2*k + k + 54. What is the remainder when k is divided by 15?
9
Let f(g) = 2*g - 19. Calculate the remainder when 3 is divided by f(11).
0
Suppose -n + 4*n - 6 = -5*z, -3*z - 3*n + 6 = 0. Suppose z*d + 5*k = 2*d - 37, -12 = 4*k. What is the remainder when d is divided by 3?
2
Suppose -5*g - 5*d + 141 = -84, 5*d = 0. Let o = -26 + g. Calculate the remainder when o is divided by 11.
8
Suppose 4*h - 14 - 14 = 0. Suppose -15 = 3*r - 6*r. Suppose 0*s = r*s - 65. Calculate the remainder when s is divided by h.
6
Let u = -18 + 7. Let x = 26 + u. Calculate the remainder when x is divided by 6.
3
Let b = 138 + -114. What is the remainder when 71 is divided by b?
23
Let d = 8 - -19. Let w be -24*((-20)/(-12) + -2). Suppose w*g = 11*g - 42. Calculate the remainder when d is divided by g.
13
Let x be (0 - -1) + (-1 - -86). Let n = 15 + 0. What is the remainder when x/3*(-3)/(-2) is divided by n?
13
Let a(s) = 133*s + 9. Let x(z) = -66*z - 4. Let h(w) = -2*a(w) - 5*x(w). Let i be h(2). Let g = -71 + i. Calculate the remainder when g is divided by 20.
19
Let m be (-12)/(0 + (-3)/2). Suppose 3*q = -2*q + 55. Let z = q - m. Calculate the remainder when 8 is divided by z.
2
Let g = -15 + 21. Suppose 2*p - g*p + 16 = 0. What is the remainder when 20 is divided by 1/((p/14)/2)?
6
Suppose 3*g - 61 + 23 = -4*s, s - 68 = -4*g. Calculate the remainder when 53 is divided by g.
17
Suppose -4*d + 211 = -181. Suppose p - 3*g = -6*g + 57, -2*p + d = 2*g. What is the remainder when p is divided by 12?
9
Let m(a) = -8*a - 5. Calculate the remainder when m(-6) is divided by ((-22)/4)/((-3)/6).
10
Suppose -5*g + 1 + 29 = 0. Let b be (-4)/10 - (-288)/20. Let c = -3 + b. Calculate the remainder when c is divided by g.
5
Suppose -2*y = -t - 7 - 1, -y - 2*t = 6. Suppose -4*x + 5*m = -3, -3*x + m - 5 = -5*x. Calculate the remainder when y is divided by x.
0
Let b = -9 - -13. Suppose 16 = i + b. What is the remainder when 46 is divided by i?
10
Let b be (5/10)/((-2)/(-4)). Let j be b - (-3 + -13) - -1. Suppose a = -a + j. What is the remainder when 33 is divided by a?
6
Suppose -28 = -5*c + c. What is the remainder when 20 is divided by c?
6
Suppose 0 = 2*y - 17 - 31. What is the remainder when 71 is divided by y?
23
Suppose 0 = -3*y + 13*y - 260. Calculate the remainder when y is divided by 6.
2
Suppose -1 - 3 = -2*c. Suppose -3*l + 51 = 2*d, -3*d = -c*l - 2*l + 85. What is the remainder when 35 is divided by l?
16
Let j(a) = a**3 + 3*a**2 - 5*a + 1. Let y be j(-4). Suppose -16 = -y*m + 34. What is the remainder when 18 is divided by m?
8
Suppose 3*y + y - 188 = 0. What is the remainder when y is divided by 16?
15
Suppose 43*w = 37*w + 216. What is the remainder when 99 is divided by w?
27
Let g = 6 + -2. Suppose -g*q + 45 = -q. What is the remainder when q is divided by (3 - -5)*(0 + 1)?
7
Let r(f) = f**3 + f**2 + f + 38. Suppose 4*a - 1 = 3. Calculate the remainder when r(0) is divided by 5/((-1)/(-2)*a).
8
Let s(h) = -2*h + 2. Let a(v) = -9*v - 1. Let r be a(5). What is the remainder when s(-2) is divided by 2/(-11) + r/(-11)?
2
Let j(t) = t**3 + t**2 + 8. Let k(p) = -p - 2. Let s(u) = -3*u - 5. Let g(f) = -5*k(f) + 2*s(f). Calculate the remainder when j(0) is divided by g(-3).
2
Let i = 37 - 22. Calculate the remainder when 29 is divided by i.
14
Let u = -3 + 22. Calculate the remainder when u is divided by ((-10)/(-8))/(3/24).
9
Suppose 0*s + 2*s - 4*w = 42, s - 5*w = 27. Calculate the remainder when s is divided by 5.
2
Let c(l) = -l**3 - 7*l**2 + 6*l - 11. Let n be c(-8). What is the remainder when 58 is divided by (-4 - 1)/(n/(-30))?
28
Calculate the remainder when 33 is divided by ((-18)/5)/(9/(-30)).
9
Let w = -10 + 15. Let z = w + 5. What is the remainder when ((-8)/3)/4*-57 is divided by z?
8
Let o = -1 + 6. Suppose -o*r = 5*p - 430, 2*r - r = 5*p + 86. What is the remainder when r is divided by 29?
28
Let g be 5/(-5) - (-3)/(-1). What is the remainder when 43 is divided by 22/(-3)*6/g?
10
Suppose 50 = 4*b - 2*h, 5*b = -0*b - 4*h + 56. What is the remainder when 59 is divided by b?
11
What is the remainder when 6 is divided by (-16)/(-4) + -3 + 2?
0
Suppose -17 = -3*l + 7. Let m(r) = r**2 + 3*r + 4. Let j(s) = -2*s + 3. Let c be j(4). What is the remainder when m(c) is divided by l?
6
Suppose -3*z + 4 + 8 = 0. Suppose z = p + 5. Calculate the remainder when p/((-2)/112) + -1 is divided by 19.
17
Let w = 80 + -58. Calculate the remainder when 85 is divided by w.
19
Suppose 236 = 7*p - 3*p. Calculate the remainder when p is divided by 15.
14
Let g be (3/2)/(6/(-56)). Calculate the remainder when 32 is divided by (-4)/(-6)*(-231)/g.
10
Let o(s) = -s**3 + 4*s**2 + 2*s - 2. What is the remainder when 36 is divided by o(3)?
10
Suppose 1284 = 7*m + 318. What is the remainder when m is divided by 35?
33
Suppose -5*j = -3*n - 89, -j + 2*n + 19 = -3. Calculate the remainder when 30 is divided by j.
14
Suppose -21 = 3*p - 6*p. Let n = p + 47. Calculate the remainder when n is divided by 11.
10
Suppose 2*c - 42 = -2*n, 5*n - 2*c - 4 = 87. Suppose -3*h = 2*i - 25, -4 + 14 = -3*i + 5*h. What is the remainder when n is divided by i?
4
Suppose 0 = -9*i - 2*i + 374. What is the remainder when i is divided by 5?
4
Let z(w) = 2*w**2 - 2*w - 5. What is the remainder when 20 is divided by z(3)?
6
Let t(c) = c + 4. What is the remainder when 14 is divided by t(0)?
2
Let q be ((-5)/(-3))/((-2)/24). What is the remainder when (-4 - (0 + -3))*q is divided by 7?
6
Suppose m + r = -3, 0 = m + 2*r + 3. Let x(o) = o**2 - o - 4. Let f be x(m). Let a = -5 + f. What is the remainder when a is divided by 2?
1
Suppose 4*n - n = 30. What is the remainder when 68 is divided by n?
8
Let c be (-9)/2*16/(-24). Suppose -2*v + 6 = -5*u - c, -5*u = 5. Suppose 0 = d + z + 1, -2*d + 4*z = -15 + 5. What is the remainder when v is divided by d?
0
Let c = 17 - 8. Calculate the remainder when 25 is divided by c.
7
Let h(m) = m**3 - 11*m**2 + 4*m - 6. Suppose 2*u + 0*u = 3*d - 34, 0 = 3*u + 6. Calculate the remainder when h(11) is divided by d.
8
Let j(z) = -z**2 + 12*z + 4. Calculate the remainder when 69 is divided by j(10).
21
Suppose -5 + 3 = -n. Suppose -2*v + 4*g - n = -50, 2*v - 38 = -g. Suppose -4*s - s = -v. What is the remainder when 6 is divided by s?
2
Let l(c) be the second derivative of c**5/20 + c**4/2 + 5*c**3/6 + 7*c**2/2 - 3*c. What is the remainder when 19 is divided by l(-5)?
5
Let r(p) = 18*p**2 + 4*p + 3. What is the remainder when 43 is divided by r(-1)?
9
Let c = -57 - -41. What is the remainder when c/(-56) + 430/14 is divided by 17?
14
Suppose -12 = -w - 3*w. Calculate the remainder when -5 - -3*(-78)/(-18) is divided by w.
2
Suppose u - 2*g = 49, 3*u - 3*g = g + 147. Calculate the remainder when u is divided by ((-3)/2)/(36/(-312)).
10
Let k(b) = -2*b - 13. Let p = -36 + 22. What is the remainder when k(p) is divided by 9?
6
Let b be (57/4)/(6/16). Suppose -3*c = c - 8, -5*c + b = 4*n. What is the remainder when 12 is divided by (n*2*-1)/(-2)?
5
Suppose u - 5*a - 53 = -7, 4*a = -u + 1. Calculate the remainder when u is divided by 12.
9
Let k(f) = f**3 - 3*f**2 - 6*f - 6. Calculate the remainder when k(5) is divided by 10.
4
Suppose -l = 2*l + 108. What is the remainder when l/(2/(-2)) + 0 is divided by 13?
10
Suppose 2 = 5*s - 13. Suppose -t = s*p + 3*t - 89, -5*p + 140 = 5*t. What is the remainder when 45 is divided by p?
22
Suppose 0 = -5*m + 4*w + 166 - 51, 3*m + 5*w - 69 = 0. Calculate the remainder when m is divided by 6.
5
Let g = 0 + 0. Suppose g = -0*r - 5*r + 50. What is the remainder when 18 is divided by r?
8
Suppose -4*i + 5*v = -20, -3*i + 0*v - 3*v = -42. Calculate the remainder when 18 is divided by i.
8
Let k(x) be the third derivative of -x**4/24 + x**3/6 + 2*x**2. Let a(c) = c**3 - 3*c**2 - 2*c + 2. What is the remainder when a(4) is divided by k(-5)?
4
What is the remainder when 6/(-18)*222/(-2) is divided by 13?
11
Let v(z) = z**3 + 5*z**2 - 2*z - 6. What is the remainder when v(3)